{"id":1029,"date":"2020-05-29T11:20:26","date_gmt":"2020-05-29T09:20:26","guid":{"rendered":"https:\/\/www.junis.se\/ledare\/?page_id=1029"},"modified":"2023-02-03T10:07:22","modified_gmt":"2023-02-03T09:07:22","slug":"skattjakt","status":"publish","type":"page","link":"https:\/\/www.junis.se\/ledare\/skattjakt\/","title":{"rendered":"Junis skattjakt"},"content":{"rendered":"<h3><img loading=\"lazy\" decoding=\"async\" class=\"aligncenter size-medium wp-image-1039\" src=\"https:\/\/www.junis.se\/ledare\/wp-content\/uploads\/sites\/2\/2020\/05\/skattjaktpos-380x195.png\" alt=\"Junis skattjakt\" width=\"380\" height=\"195\" srcset=\"https:\/\/www.junis.se\/ledare\/wp-content\/uploads\/sites\/2\/2020\/05\/skattjaktpos-380x195.png 380w, https:\/\/www.junis.se\/ledare\/wp-content\/uploads\/sites\/2\/2020\/05\/skattjaktpos-900x461.png 900w, https:\/\/www.junis.se\/ledare\/wp-content\/uploads\/sites\/2\/2020\/05\/skattjaktpos-768x393.png 768w, https:\/\/www.junis.se\/ledare\/wp-content\/uploads\/sites\/2\/2020\/05\/skattjaktpos-1536x786.png 1536w, https:\/\/www.junis.se\/ledare\/wp-content\/uploads\/sites\/2\/2020\/05\/skattjaktpos-2048x1048.png 2048w, https:\/\/www.junis.se\/ledare\/wp-content\/uploads\/sites\/2\/2020\/05\/skattjaktpos-150x77.png 150w, https:\/\/www.junis.se\/ledare\/wp-content\/uploads\/sites\/2\/2020\/05\/skattjaktpos-1200x614.png 1200w, https:\/\/www.junis.se\/ledare\/wp-content\/uploads\/sites\/2\/2020\/05\/skattjaktpos-370x189.png 370w\" sizes=\"auto, (max-width: 380px) 100vw, 380px\" \/><\/h3>\n<h3>Best\u00e4ll skattjaktspaketet<\/h3>\n<p>Best\u00e4ll ditt startpaket f\u00f6r att l\u00e4gga ut dina skatter &#8211; helt kostnadsfritt. Du kan s\u00e5 klart best\u00e4lla flera paket och g\u00f6mma fler skatter. Paketet kan best\u00e4llas av ledare f\u00f6r en Junis-f\u00f6rening eller kontaktperson f\u00f6r distrikt och inneh\u00e5ller:<\/p>\n<ul>\n<li>5 v\u00e4derbest\u00e4ndiga beh\u00e5llare.<\/li>\n<li>5 t\u00e4vlingsfr\u00e5gor som barnen ska svara p\u00e5.<\/li>\n<li>Instruktioner f\u00f6r hur du g\u00f6mmer burkarna, rapporterar in koordinaterna till Junis och underh\u00e5ller din skattg\u00f6mma.<\/li>\n<\/ul>\n<p><strong><a href=\"https:\/\/forms.office.com\/Pages\/ResponsePage.aspx?id=ZVz0rnMeZUy_pJLFnCrNPd7VB5hBBkJEmIIS6ALHKLJURU9KUUwyRE1SREdSWlFTUFVIUzlIT09TQi4u\" target=\"_blank\" rel=\"noopener noreferrer\">H\u00e4r best\u00e4ller du ditt skattjaktspaket!<\/a><\/strong><\/p>\n<h3>G\u00f6m skatterna<\/h3>\n<p>I paketet medf\u00f6ljer 5 beh\u00e5llare\/burkar som inneh\u00e5ller 5 t\u00e4vlingsfr\u00e5gor. Dessa &#8221;skatter&#8221; ska g\u00f6mmas s\u00e5 att junisarna sedan kan leta efter dem. V\u00e4lj g\u00e4rna platser som ger barnen en upplevelse &#8211; till exempel \u00e4r extra fina eller har en sp\u00e4nnande historia. T\u00e4nk p\u00e5 detta n\u00e4r du g\u00f6mmer skatterna:<\/p>\n<ul>\n<li>G\u00f6m inte skatter p\u00e5 privata tomter.\u00a0 N\u00e4r skatten \u00e4r g\u00f6md ska det inte st\u00f6ra tomt\u00e4gare eller bostadshus.<\/li>\n<li>T\u00e4nk p\u00e5 att inte g\u00f6mma p\u00e5 planteringar eller \u00e5krar, om det finns risk att gr\u00f6dan kan ta skada.<\/li>\n<li>Undvik att g\u00f6mma i naturreservat eller andra skyddade omr\u00e5den.<\/li>\n<li>G\u00f6m inte n\u00e4ra fornl\u00e4mnigar som stenmurar, r\u00f6sen eller p\u00e5 kyrkog\u00e5rdar och begravningsplatser.<\/li>\n<li>Man f\u00e5r inte g\u00f6mma en skatt nedgr\u00e4vd under marken.<\/li>\n<li>T\u00e4nk p\u00e5 att det \u00e4r barn som ska hitta skatterna, placera skatterna s\u00e5 att alla n\u00e5r och s\u00e5 att skatterna kan tas p\u00e5 ett s\u00e4kert s\u00e4tt.<\/li>\n<li>G\u00f6m skatterna v\u00e4l s\u00e5 att de inte hittas av andra som inte \u00e4r med i skattjakten!<\/li>\n<\/ul>\n<h3>Ta ut koordinaterna<\/h3>\n<p>Koordinaterna best\u00e5r av en latitud och en longitud. De kan till exempel skrivas: &#8221;59.3005407, 17.9802123&#8221; eller &#8221;57.8491, 12.2915&#8221;. S\u00e5 h\u00e4r tar du ut koordinater med din mobil:<\/p>\n<ul>\n<li><strong>Om du anv\u00e4nder Google maps:\u00a0<\/strong><br \/>\nSt\u00e5 p\u00e5 platsen d\u00e4r du g\u00f6mt skatten. Starta Google maps. Zooma in s\u00e5 mycket som m\u00f6jligt. L\u00e4gg in en r\u00f6d kartn\u00e5l p\u00e5 platsen d\u00e4r du st\u00e5r genom att trycka l\u00e4nge med fingret n\u00e4ra mark\u00f6ren f\u00f6r din aktuella plats. Koordinaterna syns nu p\u00e5 tv\u00e5 st\u00e4llen: dels h\u00f6gst upp i s\u00f6krutan och dels under informationen f\u00f6r &#8221;Placerad n\u00e5l&#8221;.<\/li>\n<li><strong>Om du anv\u00e4nder Kartor p\u00e5 iPhone:\u00a0<\/strong><br \/>\nSt\u00e5 p\u00e5 platsen d\u00e4r du g\u00f6mt skatten. Starta Kartor. Zooma in s\u00e5 mycket som m\u00f6jligt. L\u00e4gg in en r\u00f6d kartn\u00e5l p\u00e5 platsen d\u00e4r du st\u00e5r genom att trycka l\u00e4nge med fingret n\u00e4ra mark\u00f6ren f\u00f6r din aktuella plats. Under information f\u00f6r &#8221;Markerad plats&#8221; ser du nu latitud och longitud.<\/li>\n<\/ul>\n<h3>Underh\u00e5ll och ta hand om dina skatter<\/h3>\n<p>Vi rekommenderar att du en g\u00e5ng varannan m\u00e5nad g\u00f6mmer om dina skatter och byter fr\u00e5ga i burken. P\u00e5 s\u00e5 s\u00e4tt kan junisarna ge sig ut p\u00e5 skattjakt igen och f\u00e5r nya chanser att vinna. Best\u00e4ll nya fr\u00e5gor utskrivna p\u00e5 vattent\u00e5ligt och v\u00e4derbest\u00e4ndigt papper p\u00e5 <a href=\"https:\/\/www.junis.se\/ledare\/material\/\">Materialsidan.<\/a><\/p>\n<p>Du beh\u00f6ver ocks\u00e5 d\u00e5 och d\u00e5 titta till dina skatter s\u00e5 att de fortfarande ligger kvar och \u00e4r i bra skick. Om en burk f\u00f6rsvinner finns m\u00f6jlighet att kostnadsfritt best\u00e4lla ny, kontakta d\u00e5 Junis kansli: <a href=\"mailto:info@junis.se\"><em>info@junis.se<\/em><\/a>. Viktigt \u00e4r att du rapporterar vilken t\u00e4vlingsfr\u00e5ga som h\u00f6r till burken som f\u00f6rsvunnit. F\u00f6r skattletarna finns det i anslutning till skattkartan m\u00f6jlighet att rapportera att en burk \u00e4r f\u00f6rsvunnen eller trasig.<\/p>\n<h3>Marknadsf\u00f6r aktiviteten till junisarna<\/h3>\n<p>Junis skattjakt \u00e4r till f\u00f6r Junis alla medlemmar. Det kan genomf\u00f6ras som f\u00f6reningsaktivitet eller enskilt av medlemmarna (och deras familjer). F\u00f6r att delta i skattjakten beh\u00f6ver n\u00e5gon i skattletars\u00e4llskapet ha tillg\u00e5ng till mobiltelefon eller GPS. Den gemensamma skattkartan kommer publiceras p\u00e5 <em>www.junis.se\/skattjakt<\/em> i samband med att de f\u00f6rsta skatterna rapporteras in.<\/p>\n<p>Anv\u00e4nd i f\u00f6rsta hand utskicksmodulerna i eBas f\u00f6r att bjuda in junisarna och deras familjer till skattjakten.<\/p>\n\t\t<div class=\"factboxmargin\">\n\t\t\t\t\t\t\t<div class=\"elementsch\">\n\t\t\t\t\t<h3 class=\"mhl\">\n\t\t\t\t\t\tMarknadsf\u00f6ringsmaterial Junis Skattjakt\t\t\t\t\t<\/h3>\n\t\t\t\t\t<span class=\"expand_in bgspr\"><\/span>\n\t\t\t\t\t<div class=\"fixfloat\"><\/div>\n\t\t\t\t\t\n\t\t\t\t\t<div class=\"incontent\">\n\t\t\t\t\t\t<p><a href=\"https:\/\/www.junis.se\/ledare\/wp-content\/uploads\/sites\/2\/2020\/06\/flyer.pdf\"><img loading=\"lazy\" decoding=\"async\" class=\"alignleft wp-image-1079 size-small_image\" src=\"https:\/\/www.junis.se\/ledare\/wp-content\/uploads\/sites\/2\/2020\/06\/flyer-150x215.png\" alt=\"Skattjakt flyer\" width=\"150\" height=\"215\" srcset=\"https:\/\/www.junis.se\/ledare\/wp-content\/uploads\/sites\/2\/2020\/06\/flyer-150x215.png 150w, https:\/\/www.junis.se\/ledare\/wp-content\/uploads\/sites\/2\/2020\/06\/flyer-380x544.png 380w, https:\/\/www.junis.se\/ledare\/wp-content\/uploads\/sites\/2\/2020\/06\/flyer-370x530.png 370w, https:\/\/www.junis.se\/ledare\/wp-content\/uploads\/sites\/2\/2020\/06\/flyer.png 414w\" sizes=\"auto, (max-width: 150px) 100vw, 150px\" \/><\/a><\/p>\n<hr \/>\n<p>Enkel flyer i A5-format<br \/>\n<a href=\"https:\/\/www.junis.se\/ledare\/wp-content\/uploads\/sites\/2\/2020\/09\/flyer.jpg\" target=\"_blank\" rel=\"noopener\">Ladda ner som JPG-bild<\/a><br \/>\n<a href=\"https:\/\/www.junis.se\/ledare\/wp-content\/uploads\/sites\/2\/2020\/06\/flyer.pdf\" target=\"_blank\" rel=\"noopener\">Ladda ner som PDF<\/a><\/p>\n<p><a href=\"https:\/\/www.junis.se\/ledare\/wp-content\/uploads\/sites\/2\/2020\/06\/skattjaktpos.png\"><img loading=\"lazy\" decoding=\"async\" class=\"alignleft wp-image-1080 size-small_image\" src=\"https:\/\/www.junis.se\/ledare\/wp-content\/uploads\/sites\/2\/2020\/06\/skattjaktpos-150x77.png\" alt=\"Logotyp skattjakt\" width=\"150\" height=\"77\" srcset=\"https:\/\/www.junis.se\/ledare\/wp-content\/uploads\/sites\/2\/2020\/06\/skattjaktpos-150x77.png 150w, https:\/\/www.junis.se\/ledare\/wp-content\/uploads\/sites\/2\/2020\/06\/skattjaktpos-380x195.png 380w, https:\/\/www.junis.se\/ledare\/wp-content\/uploads\/sites\/2\/2020\/06\/skattjaktpos-900x461.png 900w, https:\/\/www.junis.se\/ledare\/wp-content\/uploads\/sites\/2\/2020\/06\/skattjaktpos-768x393.png 768w, https:\/\/www.junis.se\/ledare\/wp-content\/uploads\/sites\/2\/2020\/06\/skattjaktpos-1536x786.png 1536w, https:\/\/www.junis.se\/ledare\/wp-content\/uploads\/sites\/2\/2020\/06\/skattjaktpos-2048x1048.png 2048w, https:\/\/www.junis.se\/ledare\/wp-content\/uploads\/sites\/2\/2020\/06\/skattjaktpos-1200x614.png 1200w, https:\/\/www.junis.se\/ledare\/wp-content\/uploads\/sites\/2\/2020\/06\/skattjaktpos-370x189.png 370w\" sizes=\"auto, (max-width: 150px) 100vw, 150px\" \/><\/a><\/p>\n<hr \/>\n<p>Logotyp f\u00f6r Junis skattjakt. F\u00f6r anv\u00e4ndning i ex. Word, Powerpoint och p\u00e5 webben. Positiv version, anv\u00e4nds p\u00e5 vit eller ljus bakgrund.<\/p>\n<p><a href=\"https:\/\/www.junis.se\/ledare\/wp-content\/uploads\/sites\/2\/2020\/06\/skattjaktneg.png\"><img loading=\"lazy\" decoding=\"async\" class=\"alignleft size-small_image wp-image-1085\" src=\"https:\/\/www.junis.se\/ledare\/wp-content\/uploads\/sites\/2\/2020\/06\/skattjaktneg-150x77.png\" alt=\"\" width=\"150\" height=\"77\" srcset=\"https:\/\/www.junis.se\/ledare\/wp-content\/uploads\/sites\/2\/2020\/06\/skattjaktneg-150x77.png 150w, https:\/\/www.junis.se\/ledare\/wp-content\/uploads\/sites\/2\/2020\/06\/skattjaktneg-380x195.png 380w, https:\/\/www.junis.se\/ledare\/wp-content\/uploads\/sites\/2\/2020\/06\/skattjaktneg-900x461.png 900w, https:\/\/www.junis.se\/ledare\/wp-content\/uploads\/sites\/2\/2020\/06\/skattjaktneg-768x393.png 768w, https:\/\/www.junis.se\/ledare\/wp-content\/uploads\/sites\/2\/2020\/06\/skattjaktneg-1536x787.png 1536w, https:\/\/www.junis.se\/ledare\/wp-content\/uploads\/sites\/2\/2020\/06\/skattjaktneg-2048x1049.png 2048w, https:\/\/www.junis.se\/ledare\/wp-content\/uploads\/sites\/2\/2020\/06\/skattjaktneg-1200x615.png 1200w, https:\/\/www.junis.se\/ledare\/wp-content\/uploads\/sites\/2\/2020\/06\/skattjaktneg-370x190.png 370w\" sizes=\"auto, (max-width: 150px) 100vw, 150px\" \/><\/a><\/p>\n<hr \/>\n<p>Logotyp f\u00f6r Junis skattjakt. F\u00f6r anv\u00e4ndning i ex. Word, Powerpoint och p\u00e5 webben. Negativ version, anv\u00e4nds p\u00e5 m\u00f6rk bakgrund.<\/p>\n<hr \/>\n<p><a href=\"https:\/\/www.junis.se\/ledare\/wp-content\/uploads\/sites\/2\/2020\/07\/junisspridbilderskattjaktfacebookwebb.jpg\"><img loading=\"lazy\" decoding=\"async\" class=\"alignleft wp-image-1116 size-small_image\" src=\"https:\/\/www.junis.se\/ledare\/wp-content\/uploads\/sites\/2\/2020\/07\/junisspridbilderskattjaktfacebookwebb-150x126.jpg\" alt=\"Skattjakt spridbild\" width=\"150\" height=\"126\" srcset=\"https:\/\/www.junis.se\/ledare\/wp-content\/uploads\/sites\/2\/2020\/07\/junisspridbilderskattjaktfacebookwebb-150x126.jpg 150w, https:\/\/www.junis.se\/ledare\/wp-content\/uploads\/sites\/2\/2020\/07\/junisspridbilderskattjaktfacebookwebb-380x318.jpg 380w, https:\/\/www.junis.se\/ledare\/wp-content\/uploads\/sites\/2\/2020\/07\/junisspridbilderskattjaktfacebookwebb-900x754.jpg 900w, https:\/\/www.junis.se\/ledare\/wp-content\/uploads\/sites\/2\/2020\/07\/junisspridbilderskattjaktfacebookwebb-768x643.jpg 768w, https:\/\/www.junis.se\/ledare\/wp-content\/uploads\/sites\/2\/2020\/07\/junisspridbilderskattjaktfacebookwebb-1200x1005.jpg 1200w, https:\/\/www.junis.se\/ledare\/wp-content\/uploads\/sites\/2\/2020\/07\/junisspridbilderskattjaktfacebookwebb-370x310.jpg 370w, https:\/\/www.junis.se\/ledare\/wp-content\/uploads\/sites\/2\/2020\/07\/junisspridbilderskattjaktfacebookwebb.jpg 1400w\" sizes=\"auto, (max-width: 150px) 100vw, 150px\" \/><\/a><\/p>\n<hr \/>\n<p>Spridbild att anv\u00e4nda p\u00e5 sociala medier. G\u00f6r g\u00e4rna lokala versioner av texten till bilden och ber\u00e4tta kring vilken ort skatterna \u00e4r g\u00f6mda.<\/p>\n<p><a href=\"https:\/\/www.junis.se\/ledare\/wp-content\/uploads\/sites\/2\/2020\/07\/junisspridbilderskattjaktfacebook3webb.jpg\"><img loading=\"lazy\" decoding=\"async\" class=\"alignleft size-small_image wp-image-1117\" src=\"https:\/\/www.junis.se\/ledare\/wp-content\/uploads\/sites\/2\/2020\/07\/junisspridbilderskattjaktfacebook3webb-150x126.jpg\" alt=\"Skattjakt spridbild\" width=\"150\" height=\"126\" srcset=\"https:\/\/www.junis.se\/ledare\/wp-content\/uploads\/sites\/2\/2020\/07\/junisspridbilderskattjaktfacebook3webb-150x126.jpg 150w, https:\/\/www.junis.se\/ledare\/wp-content\/uploads\/sites\/2\/2020\/07\/junisspridbilderskattjaktfacebook3webb-380x318.jpg 380w, https:\/\/www.junis.se\/ledare\/wp-content\/uploads\/sites\/2\/2020\/07\/junisspridbilderskattjaktfacebook3webb-900x754.jpg 900w, https:\/\/www.junis.se\/ledare\/wp-content\/uploads\/sites\/2\/2020\/07\/junisspridbilderskattjaktfacebook3webb-768x644.jpg 768w, https:\/\/www.junis.se\/ledare\/wp-content\/uploads\/sites\/2\/2020\/07\/junisspridbilderskattjaktfacebook3webb-1536x1287.jpg 1536w, https:\/\/www.junis.se\/ledare\/wp-content\/uploads\/sites\/2\/2020\/07\/junisspridbilderskattjaktfacebook3webb-1200x1006.jpg 1200w, https:\/\/www.junis.se\/ledare\/wp-content\/uploads\/sites\/2\/2020\/07\/junisspridbilderskattjaktfacebook3webb-370x310.jpg 370w, https:\/\/www.junis.se\/ledare\/wp-content\/uploads\/sites\/2\/2020\/07\/junisspridbilderskattjaktfacebook3webb.jpg 1600w\" sizes=\"auto, (max-width: 150px) 100vw, 150px\" \/><\/a><\/p>\n<hr \/>\n<p>Spridbild f\u00f6r sociala medier.<\/p>\n<hr \/>\n<p><img loading=\"lazy\" decoding=\"async\" class=\"alignleft size-small_image wp-image-1224\" src=\"https:\/\/www.junis.se\/ledare\/wp-content\/uploads\/sites\/2\/2020\/10\/skattjaktaffisch-150x211.jpg\" alt=\"Skattjaktsaffisch\" width=\"150\" height=\"211\" srcset=\"https:\/\/www.junis.se\/ledare\/wp-content\/uploads\/sites\/2\/2020\/10\/skattjaktaffisch-150x211.jpg 150w, https:\/\/www.junis.se\/ledare\/wp-content\/uploads\/sites\/2\/2020\/10\/skattjaktaffisch-380x536.jpg 380w, https:\/\/www.junis.se\/ledare\/wp-content\/uploads\/sites\/2\/2020\/10\/skattjaktaffisch-370x522.jpg 370w, https:\/\/www.junis.se\/ledare\/wp-content\/uploads\/sites\/2\/2020\/10\/skattjaktaffisch.jpg 527w\" sizes=\"auto, (max-width: 150px) 100vw, 150px\" \/><\/p>\n<hr \/>\n<p>Affisch i A4-storlek f\u00f6r marknadsf\u00f6ring av skattjakten finns att best\u00e4lla p\u00e5 <a href=\"https:\/\/www.junis.se\/ledare\/material\/\">Materialsidan.<\/a><\/p>\n\t\t\t\t\t\t<div class=\"fixfloat\"><\/div>\n\t\t\t\t\t<\/div>\n\t\t\t\t<\/div>\t\n\t\t\t\t\t<\/div>\n\t\n<p>&nbsp;<\/p>\n","protected":false},"excerpt":{"rendered":"<p>Best\u00e4ll skattjaktspaketet Best\u00e4ll ditt startpaket f\u00f6r att l\u00e4gga ut dina skatter &#8211; helt kostnadsfritt. Du kan s\u00e5 klart best\u00e4lla flera paket och g\u00f6mma [&hellip;]<\/p>\n","protected":false},"author":24,"featured_media":1032,"parent":0,"menu_order":0,"comment_status":"closed","ping_status":"closed","template":"","meta":{"footnotes":""},"class_list":["post-1029","page","type-page","status-publish","has-post-thumbnail","hentry"],"_links":{"self":[{"href":"https:\/\/www.junis.se\/ledare\/wp-json\/wp\/v2\/pages\/1029","targetHints":{"allow":["GET"]}}],"collection":[{"href":"https:\/\/www.junis.se\/ledare\/wp-json\/wp\/v2\/pages"}],"about":[{"href":"https:\/\/www.junis.se\/ledare\/wp-json\/wp\/v2\/types\/page"}],"author":[{"embeddable":true,"href":"https:\/\/www.junis.se\/ledare\/wp-json\/wp\/v2\/users\/24"}],"replies":[{"embeddable":true,"href":"https:\/\/www.junis.se\/ledare\/wp-json\/wp\/v2\/comments?post=1029"}],"version-history":[{"count":42,"href":"https:\/\/www.junis.se\/ledare\/wp-json\/wp\/v2\/pages\/1029\/revisions"}],"predecessor-version":[{"id":2344,"href":"https:\/\/www.junis.se\/ledare\/wp-json\/wp\/v2\/pages\/1029\/revisions\/2344"}],"wp:featuredmedia":[{"embeddable":true,"href":"https:\/\/www.junis.se\/ledare\/wp-json\/wp\/v2\/media\/1032"}],"wp:attachment":[{"href":"https:\/\/www.junis.se\/ledare\/wp-json\/wp\/v2\/media?parent=1029"}],"curies":[{"name":"wp","href":"https:\/\/api.w.org\/{rel}","templated":true}]}}