{"id":345,"date":"2019-10-14T11:58:26","date_gmt":"2019-10-14T09:58:26","guid":{"rendered":"https:\/\/www.junis.se\/ledare\/?page_id=345"},"modified":"2025-10-27T11:37:04","modified_gmt":"2025-10-27T10:37:04","slug":"vitjul","status":"publish","type":"page","link":"https:\/\/www.junis.se\/ledare\/vitjul\/","title":{"rendered":"Vit jul 2025"},"content":{"rendered":"<h2>Vit jul g\u00f6r skillnad f\u00f6r barn<\/h2>\n<p>Vit jul g\u00f6r skillnad f\u00f6r barn genom att sprida information, mana till reflektion och uppmana vuxna till att ta st\u00e4llning f\u00f6r varje barns r\u00e4tt att fira en trygg jul. Vit jul g\u00f6r ocks\u00e5 skillnad f\u00f6r barn genom att anordna kostnadsfria aktiviteter under jullovet. F\u00f6reningar, distrikt, k\u00e5rer och andra arrang\u00f6rsgrupper inom IOGT-NTO-r\u00f6relsen arrangerar hundratals aktiviteter f\u00f6r barn, unga och familjer under lovet.<\/p>\n<p>P\u00e5 <a href=\"http:\/\/vitjul.se\/junis\">Vit juls interna hemsida<\/a> kan du som engagerad inom IOGT-NTO-r\u00f6relsen hitta material som guidar dig till hur du anordnar Vit jul-aktiviteter. Det finns \u00e4ven annat anv\u00e4ndbart material s\u00e5 som marknadsf\u00f6ringstips, checklista och mall f\u00f6r hur du kan ordna sponsring till Vit jul-aktiviteter. P\u00e5 hemsidan kan du \u00e4ven best\u00e4lla p\u00e5verkansmaterial s\u00e5 som affischer och flyers samt produkter i Vit juls shop.<\/p>\n<p><strong><a href=\"https:\/\/www.vitjul.se\/iogtntororelsen\/\">G\u00e5 till Vit juls interna samlingssida f\u00f6r engagemang<\/a><\/strong><\/p>\n<h2>Registrering av Vit jul aktiviteter och ans\u00f6kan om aktivitetsbidrag \u00e4r \u00f6ppen!<\/h2>\n<p><a href=\"https:\/\/www.vitjul.se\/registrera-aktivitet\/\"><strong>Registrera din Vit jul aktivitet<\/strong><\/a><\/p>\n\t\t<div class=\"factboxmargin\">\n\t\t\t\t\t\t\t<div class=\"elementsch\">\n\t\t\t\t\t<h3 class=\"mhl\">\n\t\t\t\t\t\tViktiga datum\t\t\t\t\t<\/h3>\n\t\t\t\t\t<span class=\"expand_in bgspr\"><\/span>\n\t\t\t\t\t<div class=\"fixfloat\"><\/div>\n\t\t\t\t\t\n\t\t\t\t\t<div class=\"incontent\">\n\t\t\t\t\t\t<ul>\n<li>Aktivitetsperioden \u00e4r 20 december 2025 till 7 januari 2026.<\/li>\n<li>S\u00f6ka bidrag kan man g\u00f6ra fr\u00e5n 22 oktober fram till 24 november.<\/li>\n<li>Senast 2 december kommer arrang\u00f6rer f\u00e5 besked om aktiviteten beviljas bidrag eller inte.<\/li>\n<li>Senast 16 december har arrang\u00f6ren bidraget p\u00e5 sitt konto.<\/li>\n<li>20 januari 2026 ska bidraget senast ha redovisats. Har du inte f\u00e5tt aktivitetsbidrag f\u00e5r du g\u00e4rna \u00e4nd\u00e5 rapportera antal deltagare f\u00f6r att hj\u00e4lpa oss sammanst\u00e4lla statistik.<\/li>\n<li>Det \u00e4r av stor vikt att ni redovisar aktiviteten senast 20 januari f\u00f6r att vara aktuella f\u00f6r bidrag n\u00e4sta \u00e5r.<\/li>\n<\/ul>\n\t\t\t\t\t\t<div class=\"fixfloat\"><\/div>\n\t\t\t\t\t<\/div>\n\t\t\t\t<\/div>\t\n\t\t\t\t\t\t\t<div class=\"elementsch\">\n\t\t\t\t\t<h3 class=\"mhl\">\n\t\t\t\t\t\tMarknadsf\u00f6r Vit jul-aktiviteter\t\t\t\t\t<\/h3>\n\t\t\t\t\t<span class=\"expand_in bgspr\"><\/span>\n\t\t\t\t\t<div class=\"fixfloat\"><\/div>\n\t\t\t\t\t\n\t\t\t\t\t<div class=\"incontent\">\n\t\t\t\t\t\t<h3>Mallar, bilder och logotyper<\/h3>\n<p><a href=\"https:\/\/www.dropbox.com\/sh\/xuuhocoeiwehbk1\/AADpo9gCfLBcmq8YZD0zy5Bpa?dl=0\">I Vit juls bildbank<\/a> hittar du material du kan anv\u00e4nda f\u00f6r att marknadsf\u00f6ra Vit jul-aktiviteter. Det finns mallar f\u00f6r inbjudningar d\u00e4r du kan l\u00e4gga till egen text, Vit juls logotyper- och illustrationer samt fotografier. \u00c4ven Vit juls grafiska manual och typsnitt finns att hitta i bildbanken.<\/p>\n\t\t\t\t\t\t<div class=\"fixfloat\"><\/div>\n\t\t\t\t\t<\/div>\n\t\t\t\t<\/div>\t\n\t\t\t\t\t<\/div>\n\t\n<p><img loading=\"lazy\" decoding=\"async\" class=\"aligncenter wp-image-2573 size-large\" src=\"https:\/\/www.junis.se\/ledare\/wp-content\/uploads\/sites\/2\/2023\/11\/img0195-900x600.jpg\" alt=\"Vit jul Junis 2023\" width=\"900\" height=\"600\" srcset=\"https:\/\/www.junis.se\/ledare\/wp-content\/uploads\/sites\/2\/2023\/11\/img0195-900x600.jpg 900w, https:\/\/www.junis.se\/ledare\/wp-content\/uploads\/sites\/2\/2023\/11\/img0195-380x253.jpg 380w, https:\/\/www.junis.se\/ledare\/wp-content\/uploads\/sites\/2\/2023\/11\/img0195-768x512.jpg 768w, https:\/\/www.junis.se\/ledare\/wp-content\/uploads\/sites\/2\/2023\/11\/img0195-1536x1024.jpg 1536w, https:\/\/www.junis.se\/ledare\/wp-content\/uploads\/sites\/2\/2023\/11\/img0195-2048x1365.jpg 2048w, https:\/\/www.junis.se\/ledare\/wp-content\/uploads\/sites\/2\/2023\/11\/img0195-150x100.jpg 150w, https:\/\/www.junis.se\/ledare\/wp-content\/uploads\/sites\/2\/2023\/11\/img0195-1200x800.jpg 1200w, https:\/\/www.junis.se\/ledare\/wp-content\/uploads\/sites\/2\/2023\/11\/img0195-370x247.jpg 370w\" sizes=\"auto, (max-width: 900px) 100vw, 900px\" \/><\/p>\n","protected":false},"excerpt":{"rendered":"<p>Vit jul g\u00f6r skillnad f\u00f6r barn Vit jul g\u00f6r skillnad f\u00f6r barn genom att sprida information, mana till reflektion och uppmana vuxna till [&hellip;]<\/p>\n","protected":false},"author":24,"featured_media":2574,"parent":0,"menu_order":0,"comment_status":"closed","ping_status":"closed","template":"","meta":{"footnotes":""},"class_list":["post-345","page","type-page","status-publish","has-post-thumbnail","hentry"],"_links":{"self":[{"href":"https:\/\/www.junis.se\/ledare\/wp-json\/wp\/v2\/pages\/345","targetHints":{"allow":["GET"]}}],"collection":[{"href":"https:\/\/www.junis.se\/ledare\/wp-json\/wp\/v2\/pages"}],"about":[{"href":"https:\/\/www.junis.se\/ledare\/wp-json\/wp\/v2\/types\/page"}],"author":[{"embeddable":true,"href":"https:\/\/www.junis.se\/ledare\/wp-json\/wp\/v2\/users\/24"}],"replies":[{"embeddable":true,"href":"https:\/\/www.junis.se\/ledare\/wp-json\/wp\/v2\/comments?post=345"}],"version-history":[{"count":61,"href":"https:\/\/www.junis.se\/ledare\/wp-json\/wp\/v2\/pages\/345\/revisions"}],"predecessor-version":[{"id":2815,"href":"https:\/\/www.junis.se\/ledare\/wp-json\/wp\/v2\/pages\/345\/revisions\/2815"}],"wp:featuredmedia":[{"embeddable":true,"href":"https:\/\/www.junis.se\/ledare\/wp-json\/wp\/v2\/media\/2574"}],"wp:attachment":[{"href":"https:\/\/www.junis.se\/ledare\/wp-json\/wp\/v2\/media?parent=345"}],"curies":[{"name":"wp","href":"https:\/\/api.w.org\/{rel}","templated":true}]}}

<h2>Vit jul gör skillnad för barn</h2>
<p>Vit jul gör skillnad för barn genom att sprida information, mana till reflektion och uppmana vuxna till att ta ställning för varje barns rätt att fira en trygg jul. Vit jul gör också skillnad för barn genom att anordna kostnadsfria aktiviteter under jullovet. Föreningar, distrikt, kårer och andra arrangörsgrupper inom IOGT-NTO-rörelsen arrangerar hundratals aktiviteter för barn, unga och familjer under lovet.</p>
<p>På <a href="http://vitjul.se/junis">Vit juls interna hemsida</a> kan du som engagerad inom IOGT-NTO-rörelsen hitta material som guidar dig till hur du anordnar Vit jul-aktiviteter. Det finns även annat användbart material så som marknadsföringstips, checklista och mall för hur du kan ordna sponsring till Vit jul-aktiviteter. På hemsidan kan du även beställa påverkansmaterial så som affischer och flyers samt produkter i Vit juls shop.</p>
<p><strong><a href="https://www.vitjul.se/iogtntororelsen/">Gå till Vit juls interna samlingssida för engagemang</a></strong></p>
<h2>Registrering av Vit jul aktiviteter och ansökan om aktivitetsbidrag är öppen!</h2>
<p><a href="https://www.vitjul.se/registrera-aktivitet/"><strong>Registrera din Vit jul aktivitet</strong></a></p>
		<div class="factboxmargin">
							<div class="elementsch">
					<h3 class="mhl">
						Viktiga datum					</h3>
					<span class="expand_in bgspr"></span>
					<div class="fixfloat"></div>
					
					<div class="incontent">
						<ul>
<li>Aktivitetsperioden är 20 december 2025 till 7 januari 2026.</li>
<li>Söka bidrag kan man göra från 22 oktober fram till 24 november.</li>
<li>Senast 2 december kommer arrangörer få besked om aktiviteten beviljas bidrag eller inte.</li>
<li>Senast 16 december har arrangören bidraget på sitt konto.</li>
<li>20 januari 2026 ska bidraget senast ha redovisats. Har du inte fått aktivitetsbidrag får du gärna ändå rapportera antal deltagare för att hjälpa oss sammanställa statistik.</li>
<li>Det är av stor vikt att ni redovisar aktiviteten senast 20 januari för att vara aktuella för bidrag nästa år.</li>
</ul>
						<div class="fixfloat"></div>
					</div>
				</div>	
							<div class="elementsch">
					<h3 class="mhl">
						Marknadsför Vit jul-aktiviteter					</h3>
					<span class="expand_in bgspr"></span>
					<div class="fixfloat"></div>
					
					<div class="incontent">
						<h3>Mallar, bilder och logotyper</h3>
<p><a href="https://www.dropbox.com/sh/xuuhocoeiwehbk1/AADpo9gCfLBcmq8YZD0zy5Bpa?dl=0">I Vit juls bildbank</a> hittar du material du kan använda för att marknadsföra Vit jul-aktiviteter. Det finns mallar för inbjudningar där du kan lägga till egen text, Vit juls logotyper- och illustrationer samt fotografier. Även Vit juls grafiska manual och typsnitt finns att hitta i bildbanken.</p>
						<div class="fixfloat"></div>
					</div>
				</div>	
					</div>
	
<p><img loading="lazy" decoding="async" class="aligncenter wp-image-2573 size-large" src="https://www.junis.se/ledare/wp-content/uploads/sites/2/2023/11/img0195-900x600.jpg" alt="Vit jul Junis 2023" width="900" height="600" srcset="https://www.junis.se/ledare/wp-content/uploads/sites/2/2023/11/img0195-900x600.jpg 900w, https://www.junis.se/ledare/wp-content/uploads/sites/2/2023/11/img0195-380x253.jpg 380w, https://www.junis.se/ledare/wp-content/uploads/sites/2/2023/11/img0195-768x512.jpg 768w, https://www.junis.se/ledare/wp-content/uploads/sites/2/2023/11/img0195-1536x1024.jpg 1536w, https://www.junis.se/ledare/wp-content/uploads/sites/2/2023/11/img0195-2048x1365.jpg 2048w, https://www.junis.se/ledare/wp-content/uploads/sites/2/2023/11/img0195-150x100.jpg 150w, https://www.junis.se/ledare/wp-content/uploads/sites/2/2023/11/img0195-1200x800.jpg 1200w, https://www.junis.se/ledare/wp-content/uploads/sites/2/2023/11/img0195-370x247.jpg 370w" sizes="auto, (max-width: 900px) 100vw, 900px" /></p>

<p>Vit jul gör skillnad för barn Vit jul gör skillnad för barn genom att sprida information, mana till reflektion och uppmana vuxna till [&hellip;]</p>
