{"id":662,"date":"2019-12-16T14:57:20","date_gmt":"2019-12-16T13:57:20","guid":{"rendered":"https:\/\/www.junis.se\/ledare\/?page_id=662"},"modified":"2020-01-27T15:26:36","modified_gmt":"2020-01-27T14:26:36","slug":"material","status":"publish","type":"page","link":"https:\/\/www.junis.se\/ledare\/material\/","title":{"rendered":"Best\u00e4ll ledarmaterial"},"content":{"rendered":"<p>Best\u00e4ll eller ladda ner informationsmaterial fr\u00e5n Junis. Materialet skickas fraktfritt till adressen du angivit i formul\u00e4ret. Ange antal ex. du \u00f6nskar i rutan intill materialet. M\u00e5nga trycksaker finns ocks\u00e5 att ladda ner direkt som PDF.<\/p>\n","protected":false},"excerpt":{"rendered":"<p>Best\u00e4ll eller ladda ner informationsmaterial fr\u00e5n Junis. Materialet skickas fraktfritt till adressen du angivit i formul\u00e4ret. Ange antal ex. du \u00f6nskar i rutan [&hellip;]<\/p>\n","protected":false},"author":1,"featured_media":763,"parent":0,"menu_order":0,"comment_status":"closed","ping_status":"closed","template":"","meta":{"footnotes":""},"class_list":["post-662","page","type-page","status-publish","has-post-thumbnail","hentry"],"_links":{"self":[{"href":"https:\/\/www.junis.se\/ledare\/wp-json\/wp\/v2\/pages\/662","targetHints":{"allow":["GET"]}}],"collection":[{"href":"https:\/\/www.junis.se\/ledare\/wp-json\/wp\/v2\/pages"}],"about":[{"href":"https:\/\/www.junis.se\/ledare\/wp-json\/wp\/v2\/types\/page"}],"author":[{"embeddable":true,"href":"https:\/\/www.junis.se\/ledare\/wp-json\/wp\/v2\/users\/1"}],"replies":[{"embeddable":true,"href":"https:\/\/www.junis.se\/ledare\/wp-json\/wp\/v2\/comments?post=662"}],"version-history":[{"count":5,"href":"https:\/\/www.junis.se\/ledare\/wp-json\/wp\/v2\/pages\/662\/revisions"}],"predecessor-version":[{"id":764,"href":"https:\/\/www.junis.se\/ledare\/wp-json\/wp\/v2\/pages\/662\/revisions\/764"}],"wp:featuredmedia":[{"embeddable":true,"href":"https:\/\/www.junis.se\/ledare\/wp-json\/wp\/v2\/media\/763"}],"wp:attachment":[{"href":"https:\/\/www.junis.se\/ledare\/wp-json\/wp\/v2\/media?parent=662"}],"curies":[{"name":"wp","href":"https:\/\/api.w.org\/{rel}","templated":true}]}}